- 1. Let q(b) = b**2 + b + 1. Let j(v) = -5*f(v) - 4*q(v). What is j(a)?
-13
Suppose -c + 7 = 4*p + 9, -3*p - 8 = 4*c. Suppose p = 4*s - 4*x + 4, -2*s - 8*x + 13*x - 14 = 0. Let i(j) = j**2 - 3*j - 4. Determine i(s).
-4
Suppose 37 = 5*p + 17. Suppose p*v - 45 = -5. Let t(y) = -2*y + 12. Calculate t(v).
-8
Suppose 29*l + 111 = 546. Let y(v) = -2*v. Let c be y(-1). Suppose 0 = -m - c*m + l. Let f(s) = -s**3 + 5*s**2 + 3*s - 3. What is f(m)?
12
Let u(i) be the second derivative of 29*i**3/3 - 197*i**2 + 2*i - 574. Give u(7).
12
Let m(k) = 123*k - 37. Let f be m(1). Suppose f - 286 = 10*c. Let a(u) = -u**2 - 20*u + 9. Determine a(c).
9
Let l(s) = -6*s - 1. Let d = 22 + -19. Suppose -5*w = d*p - 4, 3*w + p - 3 = -p. Calculate l(w).
5
Let s(k) = -k. Let r(a) = -7*a - 4. Let l(b) = r(b) - 2*s(b). Let p(z) = 181*z - 4531. Let f be p(25). Calculate l(f).
26
Let c be ((-2 - -4)*-1)/((-12)/(-6))*0. Let l(y) be the third derivative of c*y - 23*y**2 + 0 - 1/30*y**5 - 1/3*y**3 + 1/24*y**4. Calculate l(3).
-17
Let f(d) = d**2 - 32*d - 145. Let q be f(-4). Let k = 7 + -7. Let u(z) = 0 - z - 1 + k - z - 6*z**3. What is u(q)?
7
Let v(y) = -2*y + 5*y**2 - y**3 + 545 - 709 + 162 - y + 6*y. Suppose 4*q - 5*q = -1. Let f = q + 4. Calculate v(f).
13
Let c(i) = 1139 + 1053 - 14*i - 2195. Calculate c(-6).
81
Suppose 0 = 12*g - 222 + 78. Let c(t) = 5*t - g*t + 10 + t**2 + t. Determine c(5).
5
Let p(q) be the third derivative of 5/2*q**3 - 1/60*q**5 + 0 + 1/24*q**4 + 94*q**2 + 0*q. What is p(0)?
15
Let a(y) = 84*y - 83. Let q(c) = 98*c - 89. Let r(n) = -6*a(n) + 5*q(n). What is r(5)?
-17
Let u(p) = 79*p + 14. Let d(l) = -48*l - 7. Let h(m) = 5*d(m) + 3*u(m). What is h(-4)?
19
Let f(y) = 2*y**3 - 24*y**2 - 3*y + 2. Suppose -8780*m + 8778*m = 2*a - 24, -4*a = -m - 48. Give f(a).
-34
Let w(o) be the third derivative of o**6/90 + o**5/60 + o**4/12 - 83*o**3/6 + 52*o**2. Let u(m) be the first derivative of w(m). Calculate u(-2).
14
Let m(f) be the first derivative of -f**4/4 + 2*f**3 + f**2/2 - f - 2057. Calculate m(8).
-121
Let s = 157 + -58. Let l = 107 - s. Let q(a) = -a**3 + 7*a**2 + 5*a + 10. Calculate q(l).
-14
Let k be (4 + -3)/(-3) + (-14)/(-6). Let b(a) = -6*a**2 - a + 2 + 7*a**k + 0*a**2. Let f = 8 - 8. What is b(f)?
2
Suppose 2*r - 8 = -2*r, 4*a - r = 14. Let k = 7 - a. Let b be (-2 - (0 - k))/1. Let i(d) = -9*d**3 - d. Give i(b).
-10
Let f be ((-110)/(-385))/(-2 - 30/(-14)). Let j = -4 + 7. Let h(y) = -f*y**2 + 640 - 641 + 4*y - j*y. Calculate h(1).
-2
Let o(m) = -m**2 - m - 1. Let k(f) be the second derivative of f**4/4 + 7*f**3/3 + 5*f**2 + 11*f - 1. Let a(h) = -k(h) - 2*o(h). Calculate a(-10).
12
Let s(p) = -5 + 6 - 84*p**2 + 28*p**2 - 15 + 55*p**2. What is s(0)?
-14
Let m(i) = -i**3 + 4*i**2 + 7*i - 7. Suppose 5*z = -2*p + 4 - 3, -2*z = p. Let g be -1*(z + -5)*(0 - -2). Let b = 13 - g. Give m(b).
3
Let v be 14*(-4)/(-12) - (-1)/3. Let x(o) = 11*o - v*o + o**3 + 2*o**2 + 3*o**2 - 2. What is x(-5)?
-32
Suppose 3*a = -a - z + 5, 0 = -5*a + 2*z + 16. Let n(t) = -11*t - 2 - t**3 + 6*t**a + 17*t - 9*t. Let f = 8 + -3. Determine n(f).
8
Suppose -4*b + 2*p = 2, 3*b + 7 = 5*p - 12. Suppose 2 = 2*l - b. Let g(h) = 1 - 3*h - 1 - h**l + 2*h + 7. What is g(0)?
7
Let d(z) = 2*z - 8. Let y = -8702 + 8697. Determine d(y).
-18
Let a(j) = -j**3 + 23*j**2 - 27*j + 113. Suppose -14*v - 123 = -4*q - 19*v, q - 5*v + 13 = 0. What is a(q)?
3
Suppose -4*g - 4*h - 20 = 0, -567*g + 4*h = -572*g - 25. Let z(o) = -3*o**2 - 17*o - 14. Determine z(g).
-4
Let b(x) = 3*x + 110. Let n(y) = -7*y**3 - y**2 + 13*y - 2. Let l be n(2). Let g be b(l). Let q(d) = -d**3 + 2*d**2 + 2*d - 1. Calculate q(g).
3
Let t(c) = -c**3 + 6*c**2 - 3*c + 7. Let a be -1 - (-6 - -10 - 8). Suppose -w - a*y = -3, -11*w = -16*w - y + 29. Calculate t(w).
-11
Suppose 0*q - 38 = -4*q - 2*u, 3*q - 21 = u. Let d(n) = 21. Let z(k) = -2*k + 75. Let y(r) = 3*d(r) - z(r). What is y(q)?
4
Suppose 20 = -7*q + 6*q - 5*x, -3*q - 3*x = 0. Let j(r) = 3*r + r**2 - q + 9*r - 11*r + 4*r. Suppose 0 = a - 33 + 38. Give j(a).
-5
Let h be ((-12)/(-3))/(0 + 2 - 0). Let a(g) = -9*g**2 + 8*g**2 - 1 + h - 9*g**3. What is a(-1)?
9
Let c(h) = 180218 - 2*h + 5*h - 180253. What is c(5)?
-20
Suppose 0 = -3*a + 182*i - 181*i, -4*a + i = 0. Let c(z) be the second derivative of 26*z - 1/6*z**3 - 4*z**2 + a + 2/3*z**4 + 1/20*z**5. What is c(-8)?
0
Let a(v) = -4*v**3 - 2*v**2 - 6*v - 5. Let z(m) = 8*m**3 + 5*m**2 + 14*m + 12. Let q = -635 - -633. Let y(t) = q*z(t) - 5*a(t). Calculate y(-1).
-5
Suppose -25346 = -5*g + 4*b, -2*g - 6*b = -6*g + 20274. Let s(o) = -5073 + 0*o**2 + 7*o - o**2 + g. Determine s(7).
-3
Let v(k) = -k + 2. Let i(c) = c**2 + 1. Suppose 11*o - 13*o = 2. Let j(t) = 5*t**2 + 5*t + 13. Let n(f) = o*j(f) + 6*i(f). Let s be n(7). What is v(s)?
-5
Let m(b) = 6*b + 100. Let d be m(-14). Suppose 10*j + d = 116. Let k(s) = s**3 - 10*s**2 - 3*s + 10. Calculate k(j).
-20
Let x(s) = -14*s - 128. Let v(p) = 44*p + 418. Let b(h) = 4*v(h) + 14*x(h). Determine b(-7).
20
Let x(z) be the second derivative of 4/3*z**3 - 24*z - 1/12*z**4 + 0 + 5/2*z**2. Determine x(10).
-15
Suppose j + 114 - 44 = 5*c, 2*c - 10 = 0. Let b = j + 60. Let z(h) = h - 9. Determine z(b).
6
Suppose 0 = 6*o - 4*o - 20. Let p(m) = 18*m + 6 - 21*m - 3*m**2 - o + m**3. Calculate p(3).
-13
Let r(u) be the second derivative of -u**5/20 - u**4/4 + 2*u**3 + u**2/2 + 8194*u. Determine r(5).
-139
Suppose d + 0 - 19 = 2*z, z - 40 = -4*d. Let h(f) be the third derivative of -f**5/60 + 11*f**4/24 + f**3/3 - 2*f**2 + f + 1149. Give h(d).
2
Let c(f) = f**2 + 7*f - 9. Let r be 20/(-8)*(-96)/30. Suppose -175 = 3*d - r*d. Suppose a + 21 = -3*l + 4*a, 0 = -5*l + 2*a - d. Give c(l).
-9
Let a(z) = -z. Let f(s) = 2*s**2 - 39*s - 7. Let k be f(17). Let l = 97 + k. Suppose 0 = -11*v + 12*v + l. What is a(v)?
5
Let h(j) be the third derivative of j**6/120 - 3*j**5/20 - 5*j**4/12 - 13*j**3/6 - 198*j**2 - 14*j. Calculate h(10).
-13
Let x(k) = -5*k + 117 - 96 + 63 - 3*k. Calculate x(11).
-4
Suppose 202 = h - 5*q, -h - 2*q = -0*h - 188. Let o = h + -200. Let x(d) = -d**3 - 7*d**2 + 10*d + 19. Give x(o).
3
Let l be -11 - 418/(-33) - (-23)/(-3). Let c(s) be the second derivative of -3*s**2 - s**3 + 0 - 1/12*s**4 - 5*s. What is c(l)?
-6
Let w(z) = z**3 + 37*z**2 - 38*z + 15. Let d be w(-38). Suppose -15 = d*c - 150. Let n(s) = s**3 - 9*s**2 + 2*s + 2. Determine n(c).
20
Let g = -186 - -189. Let k(c) = -g - 6*c + c**2 + 9 - 15. Suppose 2*o = -0*o + 14. What is k(o)?
-2
Let n(p) = -9*p - 9. Let k(x) = -4*x - 5. Let d(z) = -5*k(z) + 2*n(z). Let m be 36/(-3) + 12 + 5/1. Calculate d(m).
17
Let s(d) = 87*d - 166*d + 80*d - 2. Let o be (-9)/((-18)/(-20)) + (-2 - -1). Determine s(o).
-13
Let x(o) = -7*o + 1. Suppose 0 = -5*c + 5*s + 2080, -3*s + 8*s + 1244 = 3*c. Let t = 421 - c. Determine x(t).
-20
Let t(u) = 3*u**2 + 26*u - 2. Suppose 8*s + 7 = -57. Determine t(s).
-18
Let i(y) = y**2 + 8*y + 10. Let j(l) = -2*l - 8. Let f be j(-8). Let x(z) = -4*z + 23. Let b be x(f). Let v be b - -6 - 4*1. Calculate i(v).
3
Let a(o) be the second derivative of 0 + 0*o**2 - 5/12*o**4 - 1/40*o**5 - 1/720*o**6 + 0*o**3 - 11*o. Let w(i) be the third derivative of a(i). Calculate w(-6).
3
Let i(x) be the first derivative of 2*x**2 + x - 2. Let j(z) = -3*z + 1. Let p(q) = -6*q - 154. Let a(y) = -3*j(y) - p(y). Let h be a(-10). Give i(h).
5
Let n(c) = 4*c. Let i(f) = -33*f + 20. Let g(l) = i(l) + 8*n(l). Determine g(8).
12
Let h be 1*-1*-2*(30/(-12) - -3). Let v(k) = -7*k**3 + 3*k - 2. What is v(h)?
-6
Let p(k) = k**2 + 6*k - 7. Suppose -6*w = 29 - 317. Let t = w + -23. Let x = t - 31. Give p(x).
-7
Let h(j) be the first derivative of -14*j**3/3 - 13*j**2/2 - 2*j - 1104. Give h(-1).
-3
Let o(p) be the second derivative of p**4/12 - p**3 + 7*p**2/2 + 300*p. Suppose 4*w + 2 - 14 = 0. Suppose -w*q + 18 = 3*u, u + 33 = 5*q + 3*u. What is o(q)?
14
Let p(t) = 1 + 144*t + t**2 + 2*t**3 + 0*t**2 - 138*t. Let o(f) = -2*f**3 - f**2 - 5*f - 1. Let h(g) = -5*o(g) - 4*p(g). Give h(-1).
-1
Let z = -2755 + 2756. Suppose -2*w = 5*c - 12, 2*w - 2 = -c - 6. Let m be w/z*(-18)/24. Let h(b) = -2*b. Give h(m).
-6
Let w(h) = 49523*h**2 + h**3 - 24779*h**2 - 34 - 24770*h**2. Give w(26).
-34
Let b(w) be the first derivative of -w**3 + 5*w**2 - 3*w - 91. C